 -706 + b. Is x a prime number?
True
Is (3 + (-42100)/6 + -1)*306/(-136) a prime number?
False
Let b be 7/(117/(-54) - -2). Is (4391*-1)/((-7)/b*-6) a composite number?
False
Is (-2)/(-2)*(123042 + -223) a composite number?
False
Suppose 2*g - 6625 = -v, -g = 6*v - 2*g - 39776. Is v prime?
False
Let u be 7040/(12/3) + -6. Let k = 195 + u. Is k composite?
False
Suppose -1721*o + 4125695 = -1686*o. Is o composite?
False
Let z = -709025 - -993648. Is z a prime number?
True
Suppose 2*o - 4*t + 46254 = 138292, 138062 = 3*o - t. Is o prime?
True
Is (1 - -2)/(18/(-54)) + 306064 composite?
True
Suppose 2*x - 3451653 = -3*u, -u + 204*x + 1150530 = 207*x. Is u a composite number?
True
Suppose -32*v + 27*v = 0. Suppose 8*d = -v*d - 224. Is 8/d + 1166/14 prime?
True
Let j = -264 + 85. Let k = j - -1008. Is k composite?
False
Let a be (-2937)/165*-2*15/6. Let j = a + 992. Is j prime?
False
Let o = -29906 + 43705. Is o prime?
True
Let x(y) = 573*y**2 + 245*y - 39. Is x(-19) a prime number?
False
Let l be 7/((-56)/(-20))*-2 + 12682. Suppose 3*u - 2*j = l, 6*u + 3*j - 21103 = u. Is u composite?
True
Suppose 7*f = 3*f - 300. Let w be (10/f + 13/(-15))*-5. Suppose 0 = -2*q - 2*d + 313 + 973, -2*d + 3209 = w*q. Is q a prime number?
True
Let o = 16712 - 4153. Let b = 9630 + o. Is b prime?
True
Let t = 7544 - -1119. Is t a composite number?
False
Let s(a) = a**3 + 136*a**2 + 163227. Is s(0) a composite number?
True
Suppose -1350785 = 74933*d - 74938*d. Is d composite?
False
Is 20266/4*34*(-7)/28*-4 composite?
True
Let m(g) = 18*g - 39. Let j be m(0). Let q be 1*(-2 + -80 + -3). Let f = j - q. Is f a composite number?
True
Suppose -3*t + 5*j = -1555238, 4*j + 1240517 + 833131 = 4*t. Is t a composite number?
False
Let a = -79 - -83. Let u be a*(-2)/(-4)*(-10 - -9). Is ((-1)/u*1346)/(1/1) a prime number?
True
Let y(k) = -107*k**2 + 5*k - 11. Let w be y(3). Let a = 2682 - w. Is a a composite number?
True
Let g = -34690 + 117893. Is g a composite number?
False
Let c = -92 + 74. Let y be (c/15)/(2/60). Is (y/24)/(3/(-2206)) composite?
False
Is -4 + 0 - ((-186160)/15 + (-7)/3) prime?
True
Let s(o) = -o**2 - 13*o + 1. Let f be s(-6). Suppose 10*w + 459822 = f*w. Is w a composite number?
True
Let d be (0 - 2)/(-2) + 4. Suppose 0 = -5*s - 2*a + a + 4518, -4*s - d*a + 3627 = 0. Suppose 5*t = -5*j + 1557 + s, -4*j + 1481 = 3*t. Is t a prime number?
True
Suppose -33*h = -29*h. Let p(i) = 12*i + 2453. Is p(h) composite?
True
Suppose -4*y + u = -382130, -27*u = -5*y - 22*u + 477655. Is y prime?
False
Is -3 + 1 + 67 + -65 + (-593330)/(-2) prime?
False
Suppose 55*m - 66577 + 350360 = 56*m. Is m a prime number?
False
Suppose -3*q = -j - 92, 0*j - 5*j = -2*q + 44. Let m = 35 - q. Suppose 0 = 5*p + 4*w - 2717, p + 3*w - 2173 = -m*p. Is p a prime number?
True
Let c = 13712 + -7098. Let s = 9381 - c. Is s composite?
False
Suppose 620499 = 3*r - 3*k + k, -2*r + 413666 = 3*k. Is r a prime number?
False
Let i(d) = d**2 + 29*d + 66. Let h be i(-27). Suppose -4*x - h = -8*x, 0 = j + 3*x - 6968. Is j a prime number?
True
Let b be 60/390 + (-24)/(-13). Let i be ((-209)/22)/(2/(-1246 + b)). Suppose -1446 = -5*q + i. Is q prime?
True
Let z(u) = 422*u**3 + 70*u - 147*u - 4*u**2 + 84*u - 4. Let s be z(2). Let n = s + -1809. Is n prime?
False
Let m be (-16)/32 + (-3)/2. Is 5 + 0 + (m - -10082) a composite number?
True
Let z(b) = 209*b**2 - 49*b + 11. Is z(-6) a composite number?
False
Suppose 2*x - 12 = 0, 12*m + 4*x = 14*m - 175974. Is m a composite number?
True
Let l(u) = -3*u**3 + 4*u**3 + 3*u - 3971 + 3967 + 5*u**2. Let r be l(-3). Is 28/(-10) + 2 - (-21639)/r a prime number?
True
Let h = -33082 + 104291. Is h a composite number?
False
Suppose 13853910 + 3004425 = 195*g. Is g a composite number?
False
Suppose 2*s = 198*m - 200*m + 1366588, 3*m = 5*s - 3416462. Is s a prime number?
False
Suppose 0 = -h - 2*o + 4 - 1, 3*o + 6 = 0. Let i(m) = -58*m + 47. Let k(d) = 29*d - 22. Let x(b) = 2*i(b) + 5*k(b). Is x(h) prime?
False
Let o be -1*(1 - -6)*(-2 - -3). Let r(s) = s**2 + 5*s - 12. Let d be r(o). Is (10/6)/(6/20052*d) a composite number?
True
Suppose 5*x = 2*x + 9. Suppose 2*f - 5*u = 7756, -20 = -x*u - 2*u. Suppose f - 627 = 3*v. Is v prime?
True
Let q = -1887 - -2178. Is q a prime number?
False
Let w = -2229 - -2343. Let y = 691 + 72. Suppose -w = -r + y. Is r a composite number?
False
Let m = -285 - -290. Is (-6067)/(m + 56/(-12))*-1 prime?
False
Suppose 7 + 5 = 3*h. Is (1/h)/((-30)/(-121080)) a composite number?
False
Let h(r) = 119*r**3 - 6*r**2 - 14*r - 17. Let o = -20 + 17. Let b(x) = -40*x**3 + 2*x**2 + 5*x + 6. Let g(k) = o*h(k) - 8*b(k). Is g(-4) a composite number?
True
Suppose -40*k = -28*k - 24. Suppose -1937 = -3*d + k*m, 4*d + 2580 = 8*d - 4*m. Is d composite?
False
Suppose -i + 45 = 2*i - 3*s, -5 = -5*s. Suppose 7328 = -14*t + i*t + 3*r, -5*t - 4*r = -18327. Is t composite?
True
Suppose 17*b - 15619111 + 3709982 = 0. Is b composite?
False
Let h(q) = 5 + 1298*q**2 + 4510*q**2 + 0 + 1 + 7*q. Is h(-1) prime?
True
Let p be 15/(-90) + 187418/12. Suppose -p = -9*z + 13605. Is z a composite number?
True
Suppose -34*c = -41*c - 10556. Let y = c - -4347. Is y a composite number?
True
Let h(z) = 631*z**2 - 5*z + 22. Let b be h(5). Suppose -7*f + 11*f - b = 0. Is f composite?
False
Suppose 4*h - j - 210991 = 0, 2*h - 5*j = -0*j + 105509. Is h a prime number?
True
Is ((-2)/(2 - 4))/(8 + (-3862602)/482826) a prime number?
True
Let w be 0 + -4 - 32/(-8)*3. Suppose w*a - 2056 - 288 = 0. Is a composite?
False
Let y be 1 + 9 + 4 + 127. Let i(k) = 26*k**2 - k - 2. Let v be i(-2). Let p = y - v. Is p a prime number?
True
Let l(q) be the third derivative of 29*q**7/2520 - 7*q**6/360 - 3*q**5/40 + q**4/6 - 17*q**2. Let a(d) be the second derivative of l(d). Is a(8) a prime number?
False
Is -7 - 117/(-18) - (-14403588)/24 composite?
True
Suppose 3*d + 149*k = 144*k + 263987, -d + 87997 = 3*k. Is d a composite number?
True
Let m(d) = -662*d + 27. Let u = -341 + 319. Is m(u) prime?
True
Suppose -4*b - 3*f + 4 - 1 = 0, b = 2*f + 9. Suppose -b*n + 5945 - 1316 = 0. Is n composite?
False
Is ((-4644)/(-126) - 5)*2723 composite?
True
Let y(h) = -152*h + 132019. Is y(0) a prime number?
True
Let z = 11494 - 308. Let v = -5571 + z. Is v composite?
True
Let p(x) = x**3 + 5*x**2 + 6*x + 2. Let l be p(-3). Suppose 4462 = -4*u - 5*y + 2*y, l*y + 4 = 0. Is 1*u*13/(-26) a prime number?
True
Suppose 4 = 2*x - 6. Let m(p) be the third derivative of 9*p**5/20 + p**3 - 71*p**2. Is m(x) a composite number?
True
Let i(t) = t + 563. Let w(u) = -u - 564. Let m(x) = 7*i(x) + 6*w(x). Let r be (4 - 4)/(-4 + 6). Is m(r) a composite number?
False
Suppose -875556 = -4*r + 2*d, 4*r - 4*d - 1009957 + 134393 = 0. Is r a prime number?
True
Suppose 55*p - 59*p + 5570016 = -t, -4*p + 5*t = -5570032. Is p a composite number?
True
Let b = -74 - -92. Suppose 13*h - b*h = -26045. Is h prime?
True
Let u = 478 - 317. Suppose 4*k + 5*o = 968, -3*o = -2*k + u + 345. Let m = k - 60. Is m a composite number?
True
Suppose -9 = -v - 4. Let i(f) = 1731*f + 4. Let s be i(3). Suppose -v*j - 812 = -s. Is j a prime number?
True
Let a be -1 + (-2942)/(-3)*18/(-6). Is (4 + a)/(7 + -8) composite?
False
Let a = 820 - 429. Let y = -26 + a. Let j = y - -122. Is j composite?
False
Let u = -798 - -2114. Let g = u + -609. Is g composite?
True
Let y(l) = 87*l + 4. Suppose 2*b + 5*t = 5, -1 - 1 = 3*b - 2*t. Suppose 0 = -3*s - z + 7, s + 7 = -b*s - 5*z. Is y(s) composite?
True
Let y(g) be the third derivative of 49*g**5/120 + 5*g**4/8 + 25*g**3/6 + 9*g**2. Let p(q) be the first derivative of y(q). Is p(4) prime?
True
Suppose -4*h = -2*x - 108, -3*h + 53 + 42 = -5*x. Suppose 4*p + 3*s = 8, 5*p - 5*s - h - 20 = 0. Let r(j) = 26*j**2 + 3*j + 14. Is r(p) a composite number?
True
Let z(i) = -i**3 + 7*i**2 - 4*i + 3. Let q be z(6). Let y be 1*-9*(-745)/q. Suppose 9452 - y = 5*v. Is v composite?
False
Let n = 155664 - 44255. Is n a composite number?
False
Suppose -66*s + 69*s = -30. Is 13043/5 + (-4)/s a composite number?
False
Is (-2229462)/348*(-3)/((-9)/(-2)) prime?
True
Suppose f + 170 = -5*n, -4*f + f = -4*n - 155. Let t be 10/3*(n/(-10) + -2). Suppose t*s = 459 + 2896. Is s composite?
True
Suppose 80391 = 13*n + 19902. Let p = -2858 + n. Is p a composite number?